{"id":139,"date":"2020-10-29T08:54:18","date_gmt":"2020-10-29T08:54:18","guid":{"rendered":"http:\/\/www.taxi-ruf-muehlheim.de\/?page_id=139"},"modified":"2020-10-29T17:08:28","modified_gmt":"2020-10-29T17:08:28","slug":"sachtransporte-kurierdienst-zustellservice","status":"publish","type":"page","link":"https:\/\/www.taxi-ruf-muehlheim.de\/?page_id=139","title":{"rendered":"Sachtransporte, Kurierdienst &#038; Zustellservice"},"content":{"rendered":"\n<p>Unsere Taxen stehen Ihnen f\u00fcr Sachtransporte gerne zur Verf\u00fcgung. Ihr Auftrag wird nach Eingang schnell m\u00f6glichst, bei Vorbestellungen Termingerecht vermittelt und ohne Umwege ausgef\u00fchrt.<\/p>\n\n\n\n<p>Auch die Zustellung kleiner Gegenst\u00e4nde jeglicher Art geh\u00f6rt zu unseren Service Leistungen.<\/p>\n\n\n\n<p>Wir k\u00f6nnen flexibel und blitzschnell auf Ihre W\u00fcnsche reagieren.<br>Dabei k\u00f6nnen Sie sich unserer Diskretion immer sicher sein.<\/p>\n","protected":false},"excerpt":{"rendered":"<p>Unsere Taxen stehen Ihnen f\u00fcr Sachtransporte gerne zur Verf\u00fcgung. Ihr Auftrag wird nach Eingang schnell m\u00f6glichst, bei Vorbestellungen Termingerecht vermittelt und ohne Umwege ausgef\u00fchrt. Auch die Zustellung kleiner Gegenst\u00e4nde jeglicher Art geh\u00f6rt zu unseren Service Leistungen. Wir k\u00f6nnen flexibel und blitzschnell auf Ihre W\u00fcnsche reagieren.Dabei k\u00f6nnen Sie sich unserer Diskretion immer sicher sein.<\/p>\n","protected":false},"author":1,"featured_media":0,"parent":0,"menu_order":0,"comment_status":"closed","ping_status":"closed","template":"","meta":{"footnotes":""},"class_list":["post-139","page","type-page","status-publish","hentry"],"_links":{"self":[{"href":"https:\/\/www.taxi-ruf-muehlheim.de\/index.php?rest_route=\/wp\/v2\/pages\/139"}],"collection":[{"href":"https:\/\/www.taxi-ruf-muehlheim.de\/index.php?rest_route=\/wp\/v2\/pages"}],"about":[{"href":"https:\/\/www.taxi-ruf-muehlheim.de\/index.php?rest_route=\/wp\/v2\/types\/page"}],"author":[{"embeddable":true,"href":"https:\/\/www.taxi-ruf-muehlheim.de\/index.php?rest_route=\/wp\/v2\/users\/1"}],"replies":[{"embeddable":true,"href":"https:\/\/www.taxi-ruf-muehlheim.de\/index.php?rest_route=%2Fwp%2Fv2%2Fcomments&post=139"}],"version-history":[{"count":3,"href":"https:\/\/www.taxi-ruf-muehlheim.de\/index.php?rest_route=\/wp\/v2\/pages\/139\/revisions"}],"predecessor-version":[{"id":238,"href":"https:\/\/www.taxi-ruf-muehlheim.de\/index.php?rest_route=\/wp\/v2\/pages\/139\/revisions\/238"}],"wp:attachment":[{"href":"https:\/\/www.taxi-ruf-muehlheim.de\/index.php?rest_route=%2Fwp%2Fv2%2Fmedia&parent=139"}],"curies":[{"name":"wp","href":"https:\/\/api.w.org\/{rel}","templated":true}]}}